?
True
Does 15 divide 144915?
True
Is 27 a factor of 2592110?
False
Is 240765 a multiple of 24?
False
Is 10642788 a multiple of 156?
True
Is 35856 a multiple of 27?
True
Is 167638 a multiple of 158?
True
Does 65 divide 237900?
True
Is 14 a factor of 10374?
True
Is 39 a factor of 230958?
True
Is 104774 a multiple of 27?
False
Is 1308054 a multiple of 33?
True
Is 61 a factor of 461526?
True
Is 34221 a multiple of 4?
False
Is 3 a factor of 161885?
False
Does 117 divide 7422714?
True
Does 17 divide 59392?
False
Is 290670 a multiple of 21?
False
Is 1547326 a multiple of 64?
False
Is 1418000 a multiple of 2?
True
Is 13 a factor of 255499?
False
Is 13941375 a multiple of 15?
True
Does 54 divide 1049942?
False
Is 812216 a multiple of 30?
False
Does 2251 divide 21364799?
False
Does 421 divide 10698898?
False
Is 2561409 a multiple of 209?
False
Does 20 divide 157500?
True
Is 58 a factor of 110038?
False
Is 853030 a multiple of 180?
False
Does 684 divide 1645862?
False
Is 53736 a multiple of 37?
False
Is 1638180 a multiple of 114?
True
Does 52 divide 934232?
True
Is 1718365 a multiple of 129?
False
Is 2327352 a multiple of 12?
True
Does 85 divide 40035?
True
Is 2 a factor of 794458?
True
Is 187 a factor of 76670?
True
Is 417 a factor of 343035?
False
Does 10 divide 558050?
True
Is 2443664 a multiple of 16?
True
Is 27 a factor of 244647?
True
Does 7 divide 62027?
True
Is 13424068 a multiple of 6?
False
Is 58 a factor of 170694?
True
Is 17770048 a multiple of 32?
True
Does 19 divide 3720029?
True
Is 35 a factor of 114150?
False
Does 114 divide 444372?
True
Is 631939 a multiple of 319?
True
Is 268996 a multiple of 364?
True
Does 80 divide 371520?
True
Is 7652471 a multiple of 60?
False
Is 721 a factor of 1300921?
False
Is 157556 a multiple of 68?
True
Is 17 a factor of 971261?
True
Is 6 a factor of 6348?
True
Is 128 a factor of 19402368?
True
Does 105 divide 10694271?
False
Is 9 a factor of 159219?
True
Does 512 divide 1836501?
False
Is 63252 a multiple of 126?
True
Is 165 a factor of 128700?
True
Is 1002 a factor of 2779548?
True
Is 121455 a multiple of 520?
False
Does 22 divide 3464450?
True
Does 229 divide 2891812?
True
Does 348 divide 437757?
False
Is 20 a factor of 726680?
True
Is 10 a factor of 813230?
True
Is 3 a factor of 33516?
True
Is 129 a factor of 686776?
False
Is 273 a factor of 1976678?
False
Does 984 divide 269270?
False
Does 154 divide 176638?
True
Is 359 a factor of 1801103?
True
Is 504620 a multiple of 460?
True
Does 20 divide 742088?
False
Does 262 divide 1762998?
True
Is 6326610 a multiple of 15?
True
Is 20988818 a multiple of 11?
False
Is 58 a factor of 102544?
True
Is 33 a factor of 140437?
False
Is 430938 a multiple of 89?
True
Is 17 a factor of 362117?
True
Is 5733161 a multiple of 7?
True
Is 11 a factor of 2720550?
False
Is 83 a factor of 504928?
False
Is 496 a factor of 151280?
True
Does 11 divide 1179340?
False
Is 9 a factor of 17171491?
False
Is 263266 a multiple of 278?
True
Is 4 a factor of 9648?
True
Is 2990838 a multiple of 991?
True
Is 34152 a multiple of 6?
True
Is 13 a factor of 1138423?
True
Does 53 divide 1132797?
False
Is 312124 a multiple of 793?
False
Does 147 divide 96726?
True
Does 263 divide 2438536?
True
Does 95 divide 496185?
True
Is 458 a factor of 8247732?
False
Is 288260 a multiple of 28?
True
Is 203798 a multiple of 7?
True
Is 10582500 a multiple of 2075?
True
Is 141 a factor of 2380503?
True
Does 495 divide 1193940?
True
Is 112 a factor of 132051?
False
Is 2834937 a multiple of 17?
True
Does 535 divide 299646?
False
Is 66206 a multiple of 2?
True
Is 823 a factor of 2416729?
False
Is 1417194 a multiple of 24?
False
Is 129007 a multiple of 10?
False
Is 16 a factor of 16020176?
True
Is 5167722 a multiple of 47?
False
Does 16 divide 2575997?
False
Is 82 a factor of 978424?
True
Is 17166 a multiple of 14?
False
Does 249 divide 790205?
False
Is 257 a factor of 1509459?
False
Is 1787601 a multiple of 39?
False
Is 23 a factor of 1197970?
False
Does 26 divide 20381686?
True
Is 105 a factor of 33123958?
False
Does 5 divide 2318943?
False
Is 981500 a multiple of 151?
True
Does 48 divide 150336?
True
Is 102 a factor of 896886?
True
Does 49 divide 126535?
False
Does 182 divide 2587144?
False
Is 61 a factor of 2688209?
True
Does 20 divide 114534?
False
Does 14 divide 39424?
True
Is 22 a factor of 301668?
False
Is 28 a factor of 79918?
False
Does 141 divide 109784?
False
Does 542 divide 1198428?
False
Is 866320 a multiple of 182?
True
Is 51 a factor of 577456?
False
Is 92 a factor of 202675?
False
Does 358 divide 671020?
False
Is 54 a factor of 132606?
False
Does 34 divide 214151?
False
Is 14 a factor of 1359904?
True
Is 50 a factor of 185786?
False
Is 38520 a multiple of 120?
True
Does 117 divide 804726?
True
Does 53 divide 999235?
False
Does 210 divide 892266?
False
Is 258 a factor of 4119095?
False
Does 2 divide 75936?
True
Does 2439 divide 32641126?
False
Does 30 divide 44711?
False
Does 68 divide 10137644?
True
Does 141 divide 113740?
False
Is 173 a factor of 232685?
True
Is 5453812 a multiple of 13?
True
Is 373312 a multiple of 64?
True
Does 21 divide 3058272?
True
Is 64 a factor of 9001031?
False
Is 495 a factor of 708840?
True
Is 593340 a multiple of 348?
True
Is 163 a factor of 170824?
True
Does 133 divide 1378545?
True
Is 9 a factor of 3168264?
False
Is 624 a factor of 43024?
False
Is 14 a factor of 293886?
False
Is 21 a factor of 185515?
False
Is 3389867 a multiple of 13?
True
Is 253 a factor of 9873497?
False
Is 108742 a multiple of 67?
False
Does 4 divide 3495324?
True
Does 123 divide 4621660?
False
Is 21 a factor of 635335?
False
Does 21 divide 23113839?
True
Is 483878 a multiple of 18?
False
Does 284 divide 578508?
True
Is 711021 a multiple of 89?
True
Is 23896411 a multiple of 598?
False
Does 21 divide 1573971?
True
Is 138101 a multiple of 221?
False
Does 407 divide 201872?
True
Is 156073 a multiple of 97?
True
Is 2457 a factor of 9493306?
False
Is 130 a factor of 648180?
True
Does 6 divide 403490?
False
Is 16967210 a multiple of 65?
True
Is 28266 a multiple of 21?
True
Is 2222 a multiple of 525?
False
Does 32 divide 24320?
True
Is 2 a factor of 14201?
False
Does 91 divide 585951?
False
Is 517769 a multiple of 119?
True
Does 82 divide 49446?
True
Is 47 a factor of 168166?
True
Does 10 divide 75872?
False
Does 132 divide 124853?
False
Is 339059 a multiple of 27?
False
Is 1109 a factor of 1982892?
True
Does 12 divide 919224?
True
Is 59 a factor of 20945?
True
Does 33 divide 1233804?
True
Does 111 divide 222444?
True
Is 192600 a multiple of 60?
True
Is 1215752 a multiple of 296?
False
Is 51 a factor of 50508?
False
Does 95 divide 1341944?
False
Is 1695669 a multiple of 1254?
False
Is 476304 a multiple of 32?
False
Does 384 divide 2173056?
True
Is 116 a factor of 108692?
True
Does 199 divide 117410?
True
Is 2880372 a multiple of 66?
True
Is 6973792 a multiple of 1528?
True
Does 408 divide 204658?
False
Is 6276053 a multiple of 585?
False
Is 719516 a multiple of 12?
False
Is 866350 a multiple of 25?
True
Is 2977227 a multiple of 957?
True
Is 7 a factor of 7682773?
True
Is 114116 a multiple of 280?
False
Does 444 divide 533244?
True
Does 128 divide 55296?
True
Is 473900 a multiple of 9?
False
Is 6 a factor of 1852303?
False
Is 90497 a multiple of 19?
True
Is 7976 a multiple of 47?
False
Is 41760 a multiple of 15?
True
Is 36 a factor of 27686?
False
Is 23 a factor of 3099687?
True
Does 111 divide 239404?
False
Does 61 divide 154917?
False
Does 31 divide 716934?
False
Is 75 a factor of 2878123?
False
Does 40 divide 174320?
True
Is 1303 a factor of 5118184?
True
Is 2 a factor of 16546?
True
Is 249 a factor of 340172?
False
Is 21324 a multiple of 12?
True
Does 44 divide 4974860?
True
Does 143 divide 172172?
True
Is 10062860 a multiple of 1467?
False
Is 37 a factor of 145756?
False
Does 58 divide 316?
False
Is 298935 a multiple of 5?
True
Is 38885937 a multiple of 228?
False
Does 194 divide 29451?
False
Is 4739770 a multiple of 238?
True
Is 43 a factor of 30549?
False
Is 109 a factor of 931748?
False
Is 965178 a multiple of 24?
False
Does 9 divide 777811?
False
Is 150 a factor of 7479561?
False
Is 53 a factor of 28090?
True
Is 20 a factor of 61657?
False
Does 9 divide 377679?
False
Is 3 a factor of 902732?
False